{"id":8,"date":"2024-11-02T10:52:13","date_gmt":"2024-11-02T10:52:13","guid":{"rendered":"https:\/\/nihilominus.cz\/?page_id=8"},"modified":"2024-11-02T11:05:38","modified_gmt":"2024-11-02T11:05:38","slug":"domu","status":"publish","type":"page","link":"https:\/\/nihilominus.cz\/","title":{"rendered":"Nihilominus s.r.o."},"content":{"rendered":"\n<p style=\"margin-top:var(--wp--preset--spacing--80);margin-right:0;margin-bottom:var(--wp--preset--spacing--80);margin-left:0\"><strong>NIHILOMINUS s.r.o. \u2013 profesion\u00e1ln\u00ed slu\u017eby v oblasti pron\u00e1jmu automobil\u016f, spr\u00e1vy majetku a podnikatelsk\u00e9ho poradenstv\u00ed<\/strong><\/p>\n\n\n\n<p><strong>O spole\u010dnosti:<\/strong><br>NIHILOMINUS s.r.o. je dynamick\u00e1 \u010desk\u00e1 firma, kter\u00e1 se specializuje na \u0161irok\u00e9 spektrum slu\u017eeb od pron\u00e1jmu automobil\u016f, spr\u00e1vy majetku a\u017e po podnikatelsk\u00e9 poradenstv\u00ed a osobn\u00ed rozvoj. V\u011b\u0159\u00edme v poskytov\u00e1n\u00ed hodnoty a kvality, kter\u00e1 na\u0161im klient\u016fm umo\u017e\u0148uje dosahovat \u00fasp\u011bchu jak v osobn\u00edm, tak v profesn\u00edm \u017eivot\u011b.<\/p>\n\n\n\n<figure class=\"wp-block-image size-full is-style-rounded\"><img loading=\"lazy\" decoding=\"async\" width=\"1024\" height=\"768\" src=\"https:\/\/nihilominus.cz\/wp-content\/uploads\/2024\/11\/Nihilominus-uvod-team.jpg\" alt=\"\" class=\"wp-image-36\" srcset=\"https:\/\/nihilominus.cz\/wp-content\/uploads\/2024\/11\/Nihilominus-uvod-team.jpg 1024w, https:\/\/nihilominus.cz\/wp-content\/uploads\/2024\/11\/Nihilominus-uvod-team-300x225.jpg 300w, https:\/\/nihilominus.cz\/wp-content\/uploads\/2024\/11\/Nihilominus-uvod-team-768x576.jpg 768w\" sizes=\"auto, (max-width: 1024px) 100vw, 1024px\" \/><\/figure>\n\n\n\n<p><strong>Slu\u017eby, kter\u00e9 poskytujeme:<\/strong><\/p>\n\n\n\n<ol class=\"wp-block-list\">\n<li><strong>Pron\u00e1jem automobil\u016f<\/strong><br>Nab\u00edz\u00edme \u0161irokou nab\u00eddku automobil\u016f k pron\u00e1jmu, ide\u00e1ln\u00edch jak pro osobn\u00ed, tak i firemn\u00ed \u00fa\u010dely. Vozidla jsou k dispozici na kr\u00e1tkodob\u00fd i dlouhodob\u00fd pron\u00e1jem, p\u0159i\u010dem\u017e db\u00e1me na jejich pravideln\u00fd servis a spolehlivost.<\/li>\n\n\n\n<li><strong>Spr\u00e1va majetku<\/strong><br>Na\u0161e slu\u017eby spr\u00e1vy majetku pom\u00e1haj\u00ed klient\u016fm efektivn\u011bji vyu\u017e\u00edvat a chr\u00e1nit jejich majetek. Zam\u011b\u0159ujeme se na optimalizaci hodnoty a r\u016fst, a to s osobn\u00edm p\u0159\u00edstupem ke ka\u017ed\u00e9mu klientovi.<\/li>\n\n\n\n<li><strong>Mentoring a kou\u010dink, byznys poradenstv\u00ed<\/strong><br>Poskytujeme odborn\u00fd mentoring a kou\u010dink, kter\u00fd je zam\u011b\u0159en na rozvoj osobn\u00edch a profesn\u00edch dovednost\u00ed. S na\u0161\u00edm byznys poradenstv\u00edm podporujeme podniky a jednotlivce v rozvoji podnikatelsk\u00fdch z\u00e1m\u011br\u016f, efektivit\u011b \u0159\u00edzen\u00ed a strategick\u00e9m pl\u00e1nov\u00e1n\u00ed.<\/li>\n\n\n\n<li><strong>Kurzy osobn\u00edho rozvoje<\/strong><br>Organizujeme kurzy osobn\u00edho rozvoje, kter\u00e9 klient\u016fm pom\u00e1haj\u00ed zlep\u0161it kvalitu \u017eivota a dosahovat vyty\u010den\u00fdch c\u00edl\u016f. Na\u0161e kurzy zahrnuj\u00ed seberozvoj, zvl\u00e1d\u00e1n\u00ed stresu, komunika\u010dn\u00ed dovednosti a rozvoj leadershipu.<\/li>\n\n\n\n<li><strong>Anal\u00fdzy trhu a marketing<\/strong><br>Nab\u00edz\u00edme odborn\u00e9 anal\u00fdzy trhu a marketingov\u00e9 strategie, kter\u00e9 pom\u00e1haj\u00ed firm\u00e1m l\u00e9pe se orientovat na trhu, zvy\u0161ovat tr\u017eby a oslovovat spr\u00e1vn\u00e9 c\u00edlov\u00e9 skupiny.<\/li>\n\n\n\n<li><strong>Anal\u00fdzy a v\u00fdvoj software<\/strong><br>Poskytujeme kompletn\u00ed slu\u017eby v oblasti anal\u00fdzy a v\u00fdvoje software na m\u00edru. Na\u0161e \u0159e\u0161en\u00ed jsou p\u0159izp\u016fsobena individu\u00e1ln\u00edm pot\u0159eb\u00e1m klient\u016f, s d\u016frazem na kvalitu, inovaci a dlouhodobou udr\u017eitelnost.<\/li>\n<\/ol>\n\n\n\n<p><strong>Pro\u010d zvolit NIHILOMINUS s.r.o.?<\/strong><br>Jsme partnerem, kter\u00fd poskytuje komplexn\u00ed a kvalitn\u00ed slu\u017eby v oblasti pron\u00e1jmu, spr\u00e1vy, rozvoje a technologi\u00ed. Sna\u017e\u00edme se o dlouhodobou spolupr\u00e1ci, d\u016fv\u011bru a maxim\u00e1ln\u00ed spokojenost na\u0161ich klient\u016f.<\/p>\n\n\n\n<p><strong>Adresa spole\u010dnosti:<\/strong><br>NIHILOMINUS s.r.o., Lomec 61, 286 01 \u00damon\u00edn<br>I\u010cO: 08465649 Spisov\u00e1 zna\u010dka: C 319380 veden\u00e1 u M\u011bstsk\u00e9ho soudu v Praze<\/p>\n\n\n\n<p>Napi\u0161te n\u00e1m na <a href=\"mailto:nihilominussro@gmail.com\">nihilominussro@gmail.com<\/a><\/p>\n\n\n\n<p><\/p>\n","protected":false},"excerpt":{"rendered":"<p>NIHILOMINUS s.r.o. \u2013 profesion\u00e1ln\u00ed slu\u017eby v oblasti pron\u00e1jmu automobil\u016f, spr\u00e1vy majetku a podnikatelsk\u00e9ho poradenstv\u00ed O spole\u010dnosti:NIHILOMINUS s.r.o. je dynamick\u00e1 \u010desk\u00e1 [&hellip;]<\/p>\n","protected":false},"author":1,"featured_media":0,"parent":0,"menu_order":0,"comment_status":"closed","ping_status":"closed","template":"","meta":{"site-sidebar-layout":"no-sidebar","site-content-layout":"plain-container","ast-site-content-layout":"","site-content-style":"default","site-sidebar-style":"default","ast-global-header-display":"","ast-banner-title-visibility":"","ast-main-header-display":"","ast-hfb-above-header-display":"","ast-hfb-below-header-display":"","ast-hfb-mobile-header-display":"","site-post-title":"disabled","ast-breadcrumbs-content":"","ast-featured-img":"","footer-sml-layout":"","theme-transparent-header-meta":"enabled","adv-header-id-meta":"","stick-header-meta":"","header-above-stick-meta":"","header-main-stick-meta":"","header-below-stick-meta":"","astra-migrate-meta-layouts":"default","ast-page-background-enabled":"default","ast-page-background-meta":{"desktop":{"background-color":"var(--ast-global-color-4)","background-image":"","background-repeat":"repeat","background-position":"center center","background-size":"auto","background-attachment":"scroll","background-type":"","background-media":"","overlay-type":"","overlay-color":"","overlay-opacity":"","overlay-gradient":""},"tablet":{"background-color":"","background-image":"","background-repeat":"repeat","background-position":"center center","background-size":"auto","background-attachment":"scroll","background-type":"","background-media":"","overlay-type":"","overlay-color":"","overlay-opacity":"","overlay-gradient":""},"mobile":{"background-color":"","background-image":"","background-repeat":"repeat","background-position":"center center","background-size":"auto","background-attachment":"scroll","background-type":"","background-media":"","overlay-type":"","overlay-color":"","overlay-opacity":"","overlay-gradient":""}},"ast-content-background-meta":{"desktop":{"background-color":"var(--ast-global-color-5)","background-image":"","background-repeat":"repeat","background-position":"center center","background-size":"auto","background-attachment":"scroll","background-type":"","background-media":"","overlay-type":"","overlay-color":"","overlay-opacity":"","overlay-gradient":""},"tablet":{"background-color":"var(--ast-global-color-5)","background-image":"","background-repeat":"repeat","background-position":"center center","background-size":"auto","background-attachment":"scroll","background-type":"","background-media":"","overlay-type":"","overlay-color":"","overlay-opacity":"","overlay-gradient":""},"mobile":{"background-color":"var(--ast-global-color-5)","background-image":"","background-repeat":"repeat","background-position":"center center","background-size":"auto","background-attachment":"scroll","background-type":"","background-media":"","overlay-type":"","overlay-color":"","overlay-opacity":"","overlay-gradient":""}},"footnotes":""},"class_list":["post-8","page","type-page","status-publish","hentry"],"_links":{"self":[{"href":"https:\/\/nihilominus.cz\/index.php?rest_route=\/wp\/v2\/pages\/8","targetHints":{"allow":["GET"]}}],"collection":[{"href":"https:\/\/nihilominus.cz\/index.php?rest_route=\/wp\/v2\/pages"}],"about":[{"href":"https:\/\/nihilominus.cz\/index.php?rest_route=\/wp\/v2\/types\/page"}],"author":[{"embeddable":true,"href":"https:\/\/nihilominus.cz\/index.php?rest_route=\/wp\/v2\/users\/1"}],"replies":[{"embeddable":true,"href":"https:\/\/nihilominus.cz\/index.php?rest_route=%2Fwp%2Fv2%2Fcomments&post=8"}],"version-history":[{"count":6,"href":"https:\/\/nihilominus.cz\/index.php?rest_route=\/wp\/v2\/pages\/8\/revisions"}],"predecessor-version":[{"id":37,"href":"https:\/\/nihilominus.cz\/index.php?rest_route=\/wp\/v2\/pages\/8\/revisions\/37"}],"wp:attachment":[{"href":"https:\/\/nihilominus.cz\/index.php?rest_route=%2Fwp%2Fv2%2Fmedia&parent=8"}],"curies":[{"name":"wp","href":"https:\/\/api.w.org\/{rel}","templated":true}]}}